{"id":59855,"date":"2023-11-28T16:26:10","date_gmt":"2023-11-28T15:26:10","guid":{"rendered":"https:\/\/www.fondazionesancarlo.it\/collegio\/?page_id=59855"},"modified":"2025-05-08T18:08:40","modified_gmt":"2025-05-08T16:08:40","slug":"radio-fsc","status":"publish","type":"page","link":"https:\/\/www.fondazionesancarlo.it\/collegio\/i-nostri-progetti\/radio-fsc\/","title":{"rendered":"Radio FSC Unimore"},"content":{"rendered":"<!-- intro -->\r\n<section class=\"blockType-text section-margin-t  animateEl\" data-animate=\"fadeIn\" data-duration=\"1s\" data-delay=\".5s\">\r\n  <div class=\"container g-0\">\r\n    <div class=\"row align-items-center titleRow maxWidthBlock-rew\">\r\n      <div class=\"col-12\">\r\n        <h1 class=\"mainTitle\">Radio FSC Unimore<\/h1>\r\n        <h2 class=\"secondTitle-rew\"><\/h2>\r\n        <div class=\"wrapText\">\r\n          <p><strong>Fabbrica di Storie Collegiali<\/strong><br><br>Fondata nel 2019 da sei ragazzi del Collegio San Carlo, Radio FSC \u00e8 lo spazio dove ognuno pu\u00f2 esprimersi e creare, dando voce a ogni storia, idea e contenuto con podcast, video e tanto altro. Il suo simbolo \u00e8 il camaleonte, l\u2019animale per antonomasia capace di cambiare e mutare in infinite sfumature di colori, tante quante sono le idee che possiamo esprimere. Dallo svago allo studio, dall\u2019intrattenimento all\u2019attualit\u00e0: non esiste colore che Radio FSC non abbia intenzione di trasmettere e condividere.<br><br>Proponetevi, esprimetevi, riscopritevi, appassionatevi! Entra anche tu a far parte del mosaico di idee e colori del nostro camaleonte!<\/p>\r\n        <\/div>\r\n      <\/div>\r\n    <\/div>\r\n  <\/div>\r\n<\/section>\n\n<!-- box -->\r\n  <section id=\"69e346e1b966d\"  class=\"box blockType-text  section-margin-t   section-margin-b \">\r\n    <div class=\"container g-0\">\r\n      <div class=\"row align-items-center titleRow maxWidthBlock-rew\">\r\n        <div class=\"col-12\">\r\n          \n<a  target=\"_blank\"  class=\"btn btn-outline btn-fsc btn-fsc-outline text-uppercase\" href=\"http:\/\/bit.ly\/RadioFSC\">Ascolta RadioFSC!<\/a>\n\n<a  target=\"_blank\"  class=\"btn btn-outline btn-fsc btn-fsc-outline text-uppercase\" href=\"http:\/\/www.radiofsc.it\/\">Visita il nostro sito<\/a>\n\n<a  target=\"_blank\"  class=\"btn btn-outline btn-fsc btn-fsc-outline text-uppercase\" href=\"http:\/\/bit.ly\/RadioFsc_YouTube\">YouTube<\/a>\n\n<a  target=\"_blank\"  class=\"btn btn-outline btn-fsc btn-fsc-outline text-uppercase\" href=\"https:\/\/www.instagram.com\/radiofsc_unimore\/\">Instagram<\/a>\n        <\/div>\r\n      <\/div>\r\n    <\/div>\r\n  <\/section>\r\n  \n\n<!-- box -->\r\n  <section id=\"69e346e1b96ef\"  class=\"box blockType-text  \">\r\n    <div class=\"container g-0\">\r\n      <div class=\"row align-items-center titleRow maxWidthBlock-rew\">\r\n        <div class=\"col-12\">\r\n          \n\n<figure class=\"wp-block-embed aligncenter is-type-video is-provider-youtube wp-block-embed-youtube wp-embed-aspect-16-9 wp-has-aspect-ratio\"><div class=\"wp-block-embed__wrapper\">\n<iframe loading=\"lazy\" title=\"Radio FSC su TRC Modena\" width=\"500\" height=\"281\" src=\"https:\/\/www.youtube.com\/embed\/TIx33DULpGc?feature=oembed\" frameborder=\"0\" allow=\"accelerometer; autoplay; clipboard-write; encrypted-media; gyroscope; picture-in-picture; web-share\" allowfullscreen><\/iframe>\n<\/div><\/figure>\n\n        <\/div>\r\n      <\/div>\r\n    <\/div>\r\n  <\/section>\r\n  ","protected":false},"excerpt":{"rendered":"","protected":false},"author":5,"featured_media":25,"parent":59879,"menu_order":0,"comment_status":"closed","ping_status":"closed","template":"","meta":{"footnotes":""},"acf":[],"yoast_head":"<!-- This site is optimized with the Yoast SEO plugin v21.5 - https:\/\/yoast.com\/wordpress\/plugins\/seo\/ -->\n<title>Radio FSC Unimore - Collegio Fondazione San Carlo<\/title>\n<meta name=\"description\" content=\"Fondata nel 2019, Radio FSC \u00e8 lo spazio dove ognuno pu\u00f2 esprimersi e creare, dando voce a ogni storia, idea e contenuto con podcast, video e tanto altro.\" \/>\n<meta name=\"robots\" content=\"index, follow, max-snippet:-1, max-image-preview:large, max-video-preview:-1\" \/>\n<link rel=\"canonical\" href=\"https:\/\/www.fondazionesancarlo.it\/collegio\/i-nostri-progetti\/radio-fsc\/\" \/>\n<meta property=\"og:locale\" content=\"it_IT\" \/>\n<meta property=\"og:type\" content=\"article\" \/>\n<meta property=\"og:title\" content=\"Radio FSC Unimore - Collegio Fondazione San Carlo\" \/>\n<meta property=\"og:description\" content=\"Fondata nel 2019, Radio FSC \u00e8 lo spazio dove ognuno pu\u00f2 esprimersi e creare, dando voce a ogni storia, idea e contenuto con podcast, video e tanto altro.\" \/>\n<meta property=\"og:url\" content=\"https:\/\/www.fondazionesancarlo.it\/collegio\/i-nostri-progetti\/radio-fsc\/\" \/>\n<meta property=\"og:site_name\" content=\"Collegio Fondazione San Carlo\" \/>\n<meta property=\"article:modified_time\" content=\"2025-05-08T16:08:40+00:00\" \/>\n<meta property=\"og:image\" content=\"https:\/\/www.fondazionesancarlo.it\/collegio\/wp-content\/uploads\/2023\/10\/Collegio-FSC-fromtop.jpg\" \/>\n\t<meta property=\"og:image:width\" content=\"1920\" \/>\n\t<meta property=\"og:image:height\" content=\"1080\" \/>\n\t<meta property=\"og:image:type\" content=\"image\/jpeg\" \/>\n<meta name=\"twitter:card\" content=\"summary_large_image\" \/>\n<meta name=\"twitter:label1\" content=\"Tempo di lettura stimato\" \/>\n\t<meta name=\"twitter:data1\" content=\"1 minuto\" \/>\n<script type=\"application\/ld+json\" class=\"yoast-schema-graph\">{\"@context\":\"https:\/\/schema.org\",\"@graph\":[{\"@type\":\"WebPage\",\"@id\":\"https:\/\/www.fondazionesancarlo.it\/collegio\/i-nostri-progetti\/radio-fsc\/\",\"url\":\"https:\/\/www.fondazionesancarlo.it\/collegio\/i-nostri-progetti\/radio-fsc\/\",\"name\":\"Radio FSC Unimore - Collegio Fondazione San Carlo\",\"isPartOf\":{\"@id\":\"https:\/\/www.fondazionesancarlo.it\/collegio\/#website\"},\"datePublished\":\"2023-11-28T15:26:10+00:00\",\"dateModified\":\"2025-05-08T16:08:40+00:00\",\"description\":\"Fondata nel 2019, Radio FSC \u00e8 lo spazio dove ognuno pu\u00f2 esprimersi e creare, dando voce a ogni storia, idea e contenuto con podcast, video e tanto altro.\",\"breadcrumb\":{\"@id\":\"https:\/\/www.fondazionesancarlo.it\/collegio\/i-nostri-progetti\/radio-fsc\/#breadcrumb\"},\"inLanguage\":\"it-IT\",\"potentialAction\":[{\"@type\":\"ReadAction\",\"target\":[\"https:\/\/www.fondazionesancarlo.it\/collegio\/i-nostri-progetti\/radio-fsc\/\"]}]},{\"@type\":\"BreadcrumbList\",\"@id\":\"https:\/\/www.fondazionesancarlo.it\/collegio\/i-nostri-progetti\/radio-fsc\/#breadcrumb\",\"itemListElement\":[{\"@type\":\"ListItem\",\"position\":1,\"name\":\"Home\",\"item\":\"https:\/\/www.fondazionesancarlo.it\/collegio\/\"},{\"@type\":\"ListItem\",\"position\":2,\"name\":\"I nostri progetti\",\"item\":\"https:\/\/www.fondazionesancarlo.it\/collegio\/?page_id=59879\"},{\"@type\":\"ListItem\",\"position\":3,\"name\":\"Radio FSC Unimore\"}]},{\"@type\":\"WebSite\",\"@id\":\"https:\/\/www.fondazionesancarlo.it\/collegio\/#website\",\"url\":\"https:\/\/www.fondazionesancarlo.it\/collegio\/\",\"name\":\"Collegio Fondazione San Carlo\",\"description\":\"\",\"potentialAction\":[{\"@type\":\"SearchAction\",\"target\":{\"@type\":\"EntryPoint\",\"urlTemplate\":\"https:\/\/www.fondazionesancarlo.it\/collegio\/?s={search_term_string}\"},\"query-input\":\"required name=search_term_string\"}],\"inLanguage\":\"it-IT\"}]}<\/script>\n<!-- \/ Yoast SEO plugin. -->","yoast_head_json":{"title":"Radio FSC Unimore - Collegio Fondazione San Carlo","description":"Fondata nel 2019, Radio FSC \u00e8 lo spazio dove ognuno pu\u00f2 esprimersi e creare, dando voce a ogni storia, idea e contenuto con podcast, video e tanto altro.","robots":{"index":"index","follow":"follow","max-snippet":"max-snippet:-1","max-image-preview":"max-image-preview:large","max-video-preview":"max-video-preview:-1"},"canonical":"https:\/\/www.fondazionesancarlo.it\/collegio\/i-nostri-progetti\/radio-fsc\/","og_locale":"it_IT","og_type":"article","og_title":"Radio FSC Unimore - Collegio Fondazione San Carlo","og_description":"Fondata nel 2019, Radio FSC \u00e8 lo spazio dove ognuno pu\u00f2 esprimersi e creare, dando voce a ogni storia, idea e contenuto con podcast, video e tanto altro.","og_url":"https:\/\/www.fondazionesancarlo.it\/collegio\/i-nostri-progetti\/radio-fsc\/","og_site_name":"Collegio Fondazione San Carlo","article_modified_time":"2025-05-08T16:08:40+00:00","og_image":[{"width":1920,"height":1080,"url":"https:\/\/www.fondazionesancarlo.it\/collegio\/wp-content\/uploads\/2023\/10\/Collegio-FSC-fromtop.jpg","type":"image\/jpeg"}],"twitter_card":"summary_large_image","twitter_misc":{"Tempo di lettura stimato":"1 minuto"},"schema":{"@context":"https:\/\/schema.org","@graph":[{"@type":"WebPage","@id":"https:\/\/www.fondazionesancarlo.it\/collegio\/i-nostri-progetti\/radio-fsc\/","url":"https:\/\/www.fondazionesancarlo.it\/collegio\/i-nostri-progetti\/radio-fsc\/","name":"Radio FSC Unimore - Collegio Fondazione San Carlo","isPartOf":{"@id":"https:\/\/www.fondazionesancarlo.it\/collegio\/#website"},"datePublished":"2023-11-28T15:26:10+00:00","dateModified":"2025-05-08T16:08:40+00:00","description":"Fondata nel 2019, Radio FSC \u00e8 lo spazio dove ognuno pu\u00f2 esprimersi e creare, dando voce a ogni storia, idea e contenuto con podcast, video e tanto altro.","breadcrumb":{"@id":"https:\/\/www.fondazionesancarlo.it\/collegio\/i-nostri-progetti\/radio-fsc\/#breadcrumb"},"inLanguage":"it-IT","potentialAction":[{"@type":"ReadAction","target":["https:\/\/www.fondazionesancarlo.it\/collegio\/i-nostri-progetti\/radio-fsc\/"]}]},{"@type":"BreadcrumbList","@id":"https:\/\/www.fondazionesancarlo.it\/collegio\/i-nostri-progetti\/radio-fsc\/#breadcrumb","itemListElement":[{"@type":"ListItem","position":1,"name":"Home","item":"https:\/\/www.fondazionesancarlo.it\/collegio\/"},{"@type":"ListItem","position":2,"name":"I nostri progetti","item":"https:\/\/www.fondazionesancarlo.it\/collegio\/?page_id=59879"},{"@type":"ListItem","position":3,"name":"Radio FSC Unimore"}]},{"@type":"WebSite","@id":"https:\/\/www.fondazionesancarlo.it\/collegio\/#website","url":"https:\/\/www.fondazionesancarlo.it\/collegio\/","name":"Collegio Fondazione San Carlo","description":"","potentialAction":[{"@type":"SearchAction","target":{"@type":"EntryPoint","urlTemplate":"https:\/\/www.fondazionesancarlo.it\/collegio\/?s={search_term_string}"},"query-input":"required name=search_term_string"}],"inLanguage":"it-IT"}]}},"_links":{"self":[{"href":"https:\/\/www.fondazionesancarlo.it\/collegio\/wp-json\/wp\/v2\/pages\/59855"}],"collection":[{"href":"https:\/\/www.fondazionesancarlo.it\/collegio\/wp-json\/wp\/v2\/pages"}],"about":[{"href":"https:\/\/www.fondazionesancarlo.it\/collegio\/wp-json\/wp\/v2\/types\/page"}],"author":[{"embeddable":true,"href":"https:\/\/www.fondazionesancarlo.it\/collegio\/wp-json\/wp\/v2\/users\/5"}],"replies":[{"embeddable":true,"href":"https:\/\/www.fondazionesancarlo.it\/collegio\/wp-json\/wp\/v2\/comments?post=59855"}],"version-history":[{"count":37,"href":"https:\/\/www.fondazionesancarlo.it\/collegio\/wp-json\/wp\/v2\/pages\/59855\/revisions"}],"predecessor-version":[{"id":61817,"href":"https:\/\/www.fondazionesancarlo.it\/collegio\/wp-json\/wp\/v2\/pages\/59855\/revisions\/61817"}],"up":[{"embeddable":true,"href":"https:\/\/www.fondazionesancarlo.it\/collegio\/wp-json\/wp\/v2\/pages\/59879"}],"wp:featuredmedia":[{"embeddable":true,"href":"https:\/\/www.fondazionesancarlo.it\/collegio\/wp-json\/wp\/v2\/media\/25"}],"wp:attachment":[{"href":"https:\/\/www.fondazionesancarlo.it\/collegio\/wp-json\/wp\/v2\/media?parent=59855"}],"curies":[{"name":"wp","href":"https:\/\/api.w.org\/{rel}","templated":true}]}}